{"id":57,"date":"2014-01-07T03:58:21","date_gmt":"2014-01-07T03:58:21","guid":{"rendered":"https:\/\/www.camp-pleinsoleil.ch\/archives\/?page_id=57"},"modified":"2016-05-28T09:49:24","modified_gmt":"2016-05-28T07:49:24","slug":"chronologie","status":"publish","type":"page","link":"https:\/\/www.camp-pleinsoleil.ch\/histoire\/chronologie\/","title":{"rendered":"Chronologie sommaire de l&rsquo;histoire de la Colonie de Martigny \u00e0 Ravoire"},"content":{"rendered":"<table style=\"height: 1970px;\" width=\"100%\">\n<tbody>\n<tr>\n<td width=\"62\"><strong>ann\u00e9es 50 <\/strong><\/td>\n<td style=\"text-align: justify;\" width=\"398\">La commune de Martigny-Bourg organise une colonie de vacances \u00e0 Champex dans le chalet \u00ab\u00a0Les Rossignols\u00a0\u00bb. Le chalet est revendu en 1956 suite \u00e0 la construction du b\u00e2timent de Ravoire en 1955.<\/td>\n<\/tr>\n<tr style=\"text-align: justify;\">\n<td width=\"62\"><strong>1953<\/strong><\/td>\n<td width=\"398\">La commune de Martigny-Ville organise une colonie de vacances \u00e0 Champex dans le chalet \u00ab\u00a0Bon abri\u00a0\u00bb. Le manque de place se faisant sentir, il est propos\u00e9 d\u2019acheter un chalet voisin, le chalet \u00ab\u00a0Fama\u00a0\u00bb.<\/td>\n<\/tr>\n<tr style=\"text-align: justify;\">\n<td width=\"62\"><strong>1953<\/strong><\/td>\n<td width=\"398\">La commune de Martigny-Ville cherche des solutions pour augmenter la colonie de vacances. Outre l\u2019achat du chalet \u00ab\u00a0Fama\u00a0\u00bb (jug\u00e9 trop cher), l\u2019h\u00f4tel \u00ab\u00a0Beau-s\u00e9jour\u00a0\u00bb \u00e0 Finhaut est envisag\u00e9. La r\u00e9action des h\u00f4teliers de la station est forte contre ce projet.<\/td>\n<\/tr>\n<tr style=\"text-align: justify;\">\n<td width=\"62\"><strong>09.01.1954<\/strong><\/td>\n<td width=\"398\">Le Service de l\u2019hygi\u00e8ne publique signale \u00e0 la commune de Martigny-Ville qu\u2019une subvention f\u00e9d\u00e9rale de 20 \u00e0 25% est accord\u00e9e pour la construction, l\u2019agrandissement et l\u2019acquisition d\u2019\u00e9tablissements destin\u00e9s \u00e0 pr\u00e9venir l\u2019apparition de la tuberculose.<\/td>\n<\/tr>\n<tr style=\"text-align: justify;\">\n<td width=\"62\"><strong>31.03.1954<\/strong><\/td>\n<td width=\"398\">Le comit\u00e9 de la colonie de Martigny-Ville relance la commune pour savoir o\u00f9 en sont les transactions pour la solution d\u2019agrandissement. Le comit\u00e9 privil\u00e9gie le choix du chalet \u00ab\u00a0Fama\u00a0\u00bb, plus adapt\u00e9 pour les enfants et moins cher \u00e0 transformer.<\/td>\n<\/tr>\n<tr style=\"text-align: justify;\">\n<td width=\"62\"><strong>30.05.1954<\/strong><\/td>\n<td width=\"398\">Le comit\u00e9 de la colonie de Martigny-Ville propose \u00e0 la commune d\u2019acheter et de r\u00e9am\u00e9nager le chalet \u00ab\u00a0Fama\u00a0\u00bb, suite \u00e0 une baisse de prix du propri\u00e9taire.<\/td>\n<\/tr>\n<tr style=\"text-align: justify;\">\n<td width=\"62\"><strong>14.06.1954<\/strong><\/td>\n<td width=\"398\">Le Service de l\u2019hygi\u00e8ne publique, apr\u00e8s examen des deux possibilit\u00e9s (chalet \u00ab\u00a0Fama\u00a0\u00bb et h\u00f4tel \u00ab\u00a0Beau-s\u00e9jour\u00a0\u00bb) rend un pr\u00e9avis. La solution de Champex est privil\u00e9gi\u00e9e car le b\u00e2timent et l\u2019espace \u00e0 disposition pour les enfants convient mieux, m\u00eame si le prix semble \u00e0 priori plus \u00e9lev\u00e9.<\/td>\n<\/tr>\n<tr style=\"text-align: justify;\">\n<td width=\"62\"><strong>\u00e9t\u00e9 1954<\/strong><\/td>\n<td width=\"398\">La location du chalet \u00ab\u00a0Fama\u00a0\u00bb permet d\u2019augmenter provisoirement la capacit\u00e9 de 50 \u00e0 83 enfants.<\/td>\n<\/tr>\n<tr style=\"text-align: justify;\">\n<td width=\"62\"><strong>12.12.1954<\/strong><\/td>\n<td width=\"398\">Dans une lettre \u00e0 la commune, le comit\u00e9 de la colonie de Martgny-Ville signale que la location provisoire du chalet \u00ab\u00a0Fama\u00a0\u00bb n\u2019est pas une solution viable \u00e0 long terme. La construction d\u2019un b\u00e2timent neuf est propos\u00e9e. Le co\u00fbt envisag\u00e9 est de fr. 119\u2019000.&#8211;. Deux sites sont envisag\u00e9s\u00a0: Ravoire et Verbier.<\/td>\n<\/tr>\n<tr>\n<td style=\"text-align: justify;\" width=\"62\"><strong>31.12.1954<\/strong><\/td>\n<td width=\"398\">Dans son rapport annuel, le comit\u00e9 de la colonie de Martigny-Ville mentionne le projet de construction d\u2019une nouvelle colonie. Un projet de b\u00e2timent pour 50 enfants a \u00e9t\u00e9 pr\u00e9par\u00e9 en pr\u00e9sent\u00e9 par Paul Rouiller, conseiller communal et architecte.<\/td>\n<\/tr>\n<tr>\n<td width=\"62\"><strong>25.01.1955<\/strong><\/td>\n<td style=\"text-align: justify;\" width=\"398\">La commune de Martigny-Ville donne son accord de principe pour la construction d\u2019un b\u00e2timent nouveau.<\/td>\n<\/tr>\n<tr style=\"text-align: justify;\">\n<td width=\"62\"><strong>09.03.1955<\/strong><\/td>\n<td width=\"398\">Proposition, par le comit\u00e9 de la colonie de Martigny-Ville, de la construction d\u2019un b\u00e2timent commun pour les colonies de Martigny-Ville et Martigny-Bourg. La commune de la B\u00e2tiaz est associ\u00e9e au projet. Le site de construction n\u2019est pas encore pr\u00e9cis\u00e9<\/td>\n<\/tr>\n<tr style=\"text-align: justify;\">\n<td width=\"62\"><strong>ao\u00fbt 1955<\/strong><\/td>\n<td width=\"398\">Le projet et les plans pour le b\u00e2timent de Ravoire sont \u00e9tablis par l\u2019architecte Paul Rouiller.<\/td>\n<\/tr>\n<tr style=\"text-align: justify;\">\n<td width=\"62\"><strong>31.10.1955<\/strong><\/td>\n<td width=\"398\">Demande du cr\u00e9dit de construction du b\u00e2timent de Ravoire aux communes de Martigny-Ville, Martigny-Bourg et la B\u00e2tiaz. Les communes se portent caution solidaire pour un cr\u00e9dit de construction de fr. 360\u2019000.&#8211;.<\/td>\n<\/tr>\n<tr style=\"text-align: justify;\">\n<td width=\"62\"><strong>30.11.1955<\/strong><\/td>\n<td width=\"398\">Cr\u00e9ation de l\u2019Association \u00ab\u00a0Colonies de vacances de Martigny\u00a0\u00bb regroupant les anciennes colonies de Martigny-Ville et Martigny-Bourg. L\u2019association est constitu\u00e9e autour de la construction du nouveau b\u00e2timent et pour assurer son exploitation. Le b\u00e2timent est pr\u00e9vu pour l\u2019accueil d\u2019enfants souffrant, en collaboration avec la ligue anti-tuberculeuse. Des subventions f\u00e9d\u00e9rales et cantonales sont octroy\u00e9es pour la construction<\/td>\n<\/tr>\n<tr style=\"text-align: justify;\">\n<td width=\"62\"><strong>24.06.1956<\/strong><\/td>\n<td width=\"398\">Inauguration officielle du b\u00e2timent de Ravoire<\/td>\n<\/tr>\n<tr style=\"text-align: justify;\">\n<td width=\"62\"><strong>10.12.1956<\/strong><\/td>\n<td width=\"398\">Un cr\u00e9dit suppl\u00e9mentaire est demand\u00e9 pour la fin des travaux du b\u00e2timent de Ravoire.<\/td>\n<\/tr>\n<tr style=\"text-align: justify;\">\n<td width=\"62\"><strong>1956<\/strong><\/td>\n<td width=\"398\">Vente du chalet \u00ab\u00a0les Rossignols\u00a0\u00bb \u00e0 Champex. Ce b\u00e2timent est inutile apr\u00e8s la construction d\u2019un b\u00e2timent commun \u00e0 Ravoire.<\/td>\n<\/tr>\n<tr>\n<td style=\"text-align: justify;\" width=\"62\"><strong>1956<\/strong><\/td>\n<td style=\"text-align: justify;\" width=\"398\">Fusion des communes de Martigny-Ville et de la B\u00e2tiaz<\/td>\n<\/tr>\n<tr style=\"text-align: justify;\">\n<td width=\"62\"><strong>1964<\/strong><\/td>\n<td width=\"398\">Fusion des communes de Martigny-Ville et de Martigny-Bourg<\/td>\n<\/tr>\n<tr style=\"text-align: justify;\">\n<td width=\"62\"><strong>21.12.1964<\/strong><\/td>\n<td width=\"398\">Le comit\u00e9 de la colonie de vacances de Martigny propose une modification des statuts de l\u2019association, suite \u00e0 la fusion des communes de Martigny-Ville et de Martigny-Bourg. Au lieu d\u2019avoir un repr\u00e9sentant par commune au comit\u00e9, il y aura deux repr\u00e9sentants pour la nouvelle commune de Martugny.<\/td>\n<\/tr>\n<tr style=\"text-align: justify;\">\n<td width=\"62\"><strong>1973<\/strong><\/td>\n<td width=\"398\">Les enfants de Martigny-Combe peuvent participer aux s\u00e9jours de la colonie.<\/td>\n<\/tr>\n<tr style=\"text-align: justify;\">\n<td width=\"62\"><strong>03.05.1982<\/strong><\/td>\n<td width=\"398\">Le Conseil communal de Martigny-Combe accepte de participer \u00e0 raison de fr. 6.00.&#8211;par jour pour les enfants de la communes participant aux s\u00e9jours.<\/td>\n<\/tr>\n<tr>\n<td style=\"text-align: justify;\" width=\"62\"><strong>27.02.1987<\/strong><\/td>\n<td style=\"text-align: justify;\" width=\"398\">La route menant au futur couvert de Ravoire est mise \u00e0 l\u2019\u00e9tude. Le couvert sera construit sur un terrain vendu par la colonie.<\/td>\n<\/tr>\n<\/tbody>\n<\/table>\n<p>&nbsp;<\/p>\n<p style=\"text-align: justify;\">Notre association est actuellement en train d&rsquo;\u00e9crire son histoire. Les dates cl\u00e9s ci-dessus doivent encore \u00eatre compl\u00e9t\u00e9es.<\/p>\n","protected":false},"excerpt":{"rendered":"<p>ann\u00e9es 50 La commune de Martigny-Bourg organise une colonie de vacances \u00e0 Champex dans le chalet \u00ab\u00a0Les Rossignols\u00a0\u00bb. Le chalet est revendu en 1956 suite \u00e0 la construction du b\u00e2timent de Ravoire en 1955. 1953 La commune de Martigny-Ville organise &hellip; <a href=\"https:\/\/www.camp-pleinsoleil.ch\/histoire\/chronologie\/\">Continued<\/a><\/p>\n","protected":false},"author":1,"featured_media":290,"parent":0,"menu_order":0,"comment_status":"closed","ping_status":"open","template":"","meta":{"footnotes":""},"class_list":["post-57","page","type-page","status-publish","has-post-thumbnail","hentry","dwtl normal"],"_links":{"self":[{"href":"https:\/\/www.camp-pleinsoleil.ch\/histoire\/wp-json\/wp\/v2\/pages\/57","targetHints":{"allow":["GET"]}}],"collection":[{"href":"https:\/\/www.camp-pleinsoleil.ch\/histoire\/wp-json\/wp\/v2\/pages"}],"about":[{"href":"https:\/\/www.camp-pleinsoleil.ch\/histoire\/wp-json\/wp\/v2\/types\/page"}],"author":[{"embeddable":true,"href":"https:\/\/www.camp-pleinsoleil.ch\/histoire\/wp-json\/wp\/v2\/users\/1"}],"replies":[{"embeddable":true,"href":"https:\/\/www.camp-pleinsoleil.ch\/histoire\/wp-json\/wp\/v2\/comments?post=57"}],"version-history":[{"count":5,"href":"https:\/\/www.camp-pleinsoleil.ch\/histoire\/wp-json\/wp\/v2\/pages\/57\/revisions"}],"predecessor-version":[{"id":479,"href":"https:\/\/www.camp-pleinsoleil.ch\/histoire\/wp-json\/wp\/v2\/pages\/57\/revisions\/479"}],"wp:featuredmedia":[{"embeddable":true,"href":"https:\/\/www.camp-pleinsoleil.ch\/histoire\/wp-json\/wp\/v2\/media\/290"}],"wp:attachment":[{"href":"https:\/\/www.camp-pleinsoleil.ch\/histoire\/wp-json\/wp\/v2\/media?parent=57"}],"curies":[{"name":"wp","href":"https:\/\/api.w.org\/{rel}","templated":true}]}}

Chronologie sommaire de l&rsquo;histoire de la Colonie de Martigny à Ravoire

<table style="height: 1970px;" width="100%">
<tbody>
<tr>
<td width="62"><strong>années 50 </strong></td>
<td style="text-align: justify;" width="398">La commune de Martigny-Bourg organise une colonie de vacances à Champex dans le chalet « Les Rossignols ». Le chalet est revendu en 1956 suite à la construction du bâtiment de Ravoire en 1955.</td>
</tr>
<tr style="text-align: justify;">
<td width="62"><strong>1953</strong></td>
<td width="398">La commune de Martigny-Ville organise une colonie de vacances à Champex dans le chalet « Bon abri ». Le manque de place se faisant sentir, il est proposé d’acheter un chalet voisin, le chalet « Fama ».</td>
</tr>
<tr style="text-align: justify;">
<td width="62"><strong>1953</strong></td>
<td width="398">La commune de Martigny-Ville cherche des solutions pour augmenter la colonie de vacances. Outre l’achat du chalet « Fama » (jugé trop cher), l’hôtel « Beau-séjour » à Finhaut est envisagé. La réaction des hôteliers de la station est forte contre ce projet.</td>
</tr>
<tr style="text-align: justify;">
<td width="62"><strong>09.01.1954</strong></td>
<td width="398">Le Service de l’hygiène publique signale à la commune de Martigny-Ville qu’une subvention fédérale de 20 à 25% est accordée pour la construction, l’agrandissement et l’acquisition d’établissements destinés à prévenir l’apparition de la tuberculose.</td>
</tr>
<tr style="text-align: justify;">
<td width="62"><strong>31.03.1954</strong></td>
<td width="398">Le comité de la colonie de Martigny-Ville relance la commune pour savoir où en sont les transactions pour la solution d’agrandissement. Le comité privilégie le choix du chalet « Fama », plus adapté pour les enfants et moins cher à transformer.</td>
</tr>
<tr style="text-align: justify;">
<td width="62"><strong>30.05.1954</strong></td>
<td width="398">Le comité de la colonie de Martigny-Ville propose à la commune d’acheter et de réaménager le chalet « Fama », suite à une baisse de prix du propriétaire.</td>
</tr>
<tr style="text-align: justify;">
<td width="62"><strong>14.06.1954</strong></td>
<td width="398">Le Service de l’hygiène publique, après examen des deux possibilités (chalet « Fama » et hôtel « Beau-séjour ») rend un préavis. La solution de Champex est privilégiée car le bâtiment et l’espace à disposition pour les enfants convient mieux, même si le prix semble à priori plus élevé.</td>
</tr>
<tr style="text-align: justify;">
<td width="62"><strong>été 1954</strong></td>
<td width="398">La location du chalet « Fama » permet d’augmenter provisoirement la capacité de 50 à 83 enfants.</td>
</tr>
<tr style="text-align: justify;">
<td width="62"><strong>12.12.1954</strong></td>
<td width="398">Dans une lettre à la commune, le comité de la colonie de Martgny-Ville signale que la location provisoire du chalet « Fama » n’est pas une solution viable à long terme. La construction d’un bâtiment neuf est proposée. Le coût envisagé est de fr. 119’000.&#8211;. Deux sites sont envisagés : Ravoire et Verbier.</td>
</tr>
<tr>
<td style="text-align: justify;" width="62"><strong>31.12.1954</strong></td>
<td width="398">Dans son rapport annuel, le comité de la colonie de Martigny-Ville mentionne le projet de construction d’une nouvelle colonie. Un projet de bâtiment pour 50 enfants a été préparé en présenté par Paul Rouiller, conseiller communal et architecte.</td>
</tr>
<tr>
<td width="62"><strong>25.01.1955</strong></td>
<td style="text-align: justify;" width="398">La commune de Martigny-Ville donne son accord de principe pour la construction d’un bâtiment nouveau.</td>
</tr>
<tr style="text-align: justify;">
<td width="62"><strong>09.03.1955</strong></td>
<td width="398">Proposition, par le comité de la colonie de Martigny-Ville, de la construction d’un bâtiment commun pour les colonies de Martigny-Ville et Martigny-Bourg. La commune de la Bâtiaz est associée au projet. Le site de construction n’est pas encore précisé</td>
</tr>
<tr style="text-align: justify;">
<td width="62"><strong>août 1955</strong></td>
<td width="398">Le projet et les plans pour le bâtiment de Ravoire sont établis par l’architecte Paul Rouiller.</td>
</tr>
<tr style="text-align: justify;">
<td width="62"><strong>31.10.1955</strong></td>
<td width="398">Demande du crédit de construction du bâtiment de Ravoire aux communes de Martigny-Ville, Martigny-Bourg et la Bâtiaz. Les communes se portent caution solidaire pour un crédit de construction de fr. 360’000.&#8211;.</td>
</tr>
<tr style="text-align: justify;">
<td width="62"><strong>30.11.1955</strong></td>
<td width="398">Création de l’Association « Colonies de vacances de Martigny » regroupant les anciennes colonies de Martigny-Ville et Martigny-Bourg. L’association est constituée autour de la construction du nouveau bâtiment et pour assurer son exploitation. Le bâtiment est prévu pour l’accueil d’enfants souffrant, en collaboration avec la ligue anti-tuberculeuse. Des subventions fédérales et cantonales sont octroyées pour la construction</td>
</tr>
<tr style="text-align: justify;">
<td width="62"><strong>24.06.1956</strong></td>
<td width="398">Inauguration officielle du bâtiment de Ravoire</td>
</tr>
<tr style="text-align: justify;">
<td width="62"><strong>10.12.1956</strong></td>
<td width="398">Un crédit supplémentaire est demandé pour la fin des travaux du bâtiment de Ravoire.</td>
</tr>
<tr style="text-align: justify;">
<td width="62"><strong>1956</strong></td>
<td width="398">Vente du chalet « les Rossignols » à Champex. Ce bâtiment est inutile après la construction d’un bâtiment commun à Ravoire.</td>
</tr>
<tr>
<td style="text-align: justify;" width="62"><strong>1956</strong></td>
<td style="text-align: justify;" width="398">Fusion des communes de Martigny-Ville et de la Bâtiaz</td>
</tr>
<tr style="text-align: justify;">
<td width="62"><strong>1964</strong></td>
<td width="398">Fusion des communes de Martigny-Ville et de Martigny-Bourg</td>
</tr>
<tr style="text-align: justify;">
<td width="62"><strong>21.12.1964</strong></td>
<td width="398">Le comité de la colonie de vacances de Martigny propose une modification des statuts de l’association, suite à la fusion des communes de Martigny-Ville et de Martigny-Bourg. Au lieu d’avoir un représentant par commune au comité, il y aura deux représentants pour la nouvelle commune de Martugny.</td>
</tr>
<tr style="text-align: justify;">
<td width="62"><strong>1973</strong></td>
<td width="398">Les enfants de Martigny-Combe peuvent participer aux séjours de la colonie.</td>
</tr>
<tr style="text-align: justify;">
<td width="62"><strong>03.05.1982</strong></td>
<td width="398">Le Conseil communal de Martigny-Combe accepte de participer à raison de fr. 6.00.&#8211;par jour pour les enfants de la communes participant aux séjours.</td>
</tr>
<tr>
<td style="text-align: justify;" width="62"><strong>27.02.1987</strong></td>
<td style="text-align: justify;" width="398">La route menant au futur couvert de Ravoire est mise à l’étude. Le couvert sera construit sur un terrain vendu par la colonie.</td>
</tr>
</tbody>
</table>
<p>&nbsp;</p>
<p style="text-align: justify;">Notre association est actuellement en train d&rsquo;écrire son histoire. Les dates clés ci-dessus doivent encore être complétées.</p>

<p>années 50 La commune de Martigny-Bourg organise une colonie de vacances à Champex dans le chalet « Les Rossignols ». Le chalet est revendu en 1956 suite à la construction du bâtiment de Ravoire en 1955. 1953 La commune de Martigny-Ville organise &hellip; <a href="https://www.camp-pleinsoleil.ch/histoire/chronologie/">Continued</a></p>
